 of 288 and y.
48
Let r(s) be the first derivative of s**3/3 - 5*s**2/2 + 3*s + 5. Let n be r(7). Calculate the greatest common factor of 136 and n.
17
Suppose 3 = -5*p + 2*p + 4*z, z = -2*p + 9. Let x be (p - -1) + (-12)/12. Calculate the highest common factor of x and 33.
3
Let g be (-2 - (-61)/(-2))*-2. Suppose -5*t + 0*x = -x - g, -4 = -t + 2*x. Calculate the greatest common divisor of t and 56.
14
Let l be 180/25*(-70)/(-4). What is the greatest common divisor of l and 18?
18
Suppose i + 3*w + 8 = 0, -4*w = 5*i + 9 - 2. Let c be 31/3 + (-1)/3. Suppose -17 = -3*y + c. What is the highest common divisor of y and i?
1
Let g(i) = 288*i + 1. Let r be g(3). Suppose 5*z + 5*t - 50 = 0, 2*t = 7*t + 25. Suppose r = 5*n + z. What is the highest common divisor of n and 17?
17
Let b be (4 + 110)*2/6. What is the greatest common factor of b and 19?
19
Let w = -3 - -2. Let a be 2/2*(-10)/w. Suppose -48 = -5*r - n, 5*r + 4*n = -0*r + 42. Calculate the greatest common divisor of a and r.
10
Suppose 4*h = 6*h - 30. Suppose 0 = 2*q - 3*l - 2*l + 5, 2*q - h = l. Suppose q = -2*y + 42. Calculate the highest common divisor of 96 and y.
16
Let x(a) = -3*a + 3. Let w be x(-4). What is the greatest common divisor of 135 and w?
15
Suppose -b - 4*b + 20 = 0. Suppose 3*x = -4*g + 75, -5*x - b*g = -g - 125. Calculate the highest common factor of 5 and x.
5
Let o be 3 + -6 - (-15 - 1). Let p(v) = -3*v**3 - 2*v**2 + 3*v - 2. Let h be p(-3). Calculate the highest common factor of h and o.
13
Let f = -34 + 48. What is the highest common factor of 7 and f?
7
Let z be (-160 - (-1 - 5))/((-2)/3). What is the greatest common factor of z and 21?
21
Let r = -25 + 75. What is the highest common factor of 175 and r?
25
Let f = 9 - -5. Let m be (-4)/f - (-44)/7. What is the highest common factor of m and 6?
6
Let l(h) = -h**2 - 6*h - 7. Let o be l(-3). What is the highest common factor of o and 14?
2
Let n(d) = -d**2 - 17*d - 27. Let y be n(-12). What is the greatest common divisor of 11 and y?
11
Suppose 0*c = -3*c + 15. Let r be (-1)/(-4) - (-657)/12. Calculate the greatest common factor of r and c.
5
Let h = 57 - -125. What is the highest common factor of h and 26?
26
Let x be 0 + 1 - 208/(-2). Let n be ((-80)/6)/(5/(-15)). Suppose -35 = -p + 4*t, -4*p + t - 5*t + n = 0. What is the greatest common factor of p and x?
15
Suppose -4*y + k + 19 = 2*k, -4*y + 4*k + 44 = 0. What is the greatest common divisor of y and 9?
3
Let f(v) = 93*v + 1. Suppose -3 = -3*o + 3. Let p be f(o). Suppose 0 = 2*j + 5*g - p, -253 = -4*j + j - 2*g. Calculate the highest common factor of 9 and j.
9
Let t = -105 - -198. Let f = t + -66. Calculate the greatest common divisor of f and 18.
9
Let v be 1*8 + (2 - 4). Suppose 101 - 26 = 5*z. Calculate the highest common factor of v and z.
3
Suppose 5*c - 176 = c - i, 0 = 2*c - 3*i - 102. Let p(b) = 3*b. Let j be p(6). What is the highest common divisor of c and j?
9
Let k = -9 - -22. Let f be -3 + (0 - 0) + k. Calculate the highest common factor of f and 50.
10
Let b be (-2)/(2 - 5/2). Suppose -b*q = -93 - 339. Let v(k) = -k**2 - 6*k + 7. Let f be v(-5). Calculate the highest common divisor of f and q.
12
Let c = -9 + 13. Suppose 10 = 3*s - 2*s. Let k be 184/s + c/(-10). Calculate the greatest common factor of 18 and k.
18
Let z be (-1)/3 - (-212)/(-12). Suppose 6*v + 15 = 3*v. Let g = v - z. What is the greatest common factor of 143 and g?
13
Let z(s) = 8*s - 18. Let d be z(5). What is the highest common divisor of d and 242?
22
Let p(v) = -v**3 + 6*v**2 + 7*v + 12. Let s be p(7). Calculate the greatest common divisor of s and 3.
3
Suppose 0*l - 836 = -4*l. Calculate the highest common divisor of l and 19.
19
Let m(i) = -2*i - 7. Let k be m(-5). Suppose k*p + 20 = 53. What is the greatest common factor of p and 1?
1
Suppose -3*p + 5 + 130 = 0. What is the highest common divisor of p and 9?
9
Suppose 0 = -v + g + 30, 6*g - 2*g = 2*v - 64. What is the highest common factor of 224 and v?
28
Suppose 5*p = -4*t + 75, 0 = 2*t - 0*p + 3*p - 39. Let b(u) = 3*u + 27. Let w be b(11). Calculate the greatest common factor of t and w.
15
Let y be (-12 + -14)*1/(-2). Let x be (26 + 0)*(-2)/(-4). Calculate the greatest common divisor of x and y.
13
Let i(g) = 17*g**2 - 4*g + 3. Let b be i(3). Suppose -2*n = -3*n + b. Let v(a) = 6*a - 12. Let f be v(5). What is the greatest common factor of n and f?
18
Let x(g) = 2*g**2 + g - 2. Let v be x(5). Let s = -35 + v. Calculate the highest common factor of s and 2.
2
Let a be (8/3)/(8/588). Let d = -63 + a. Calculate the greatest common divisor of d and 19.
19
Suppose 2*v - 10 = -2. Let l be -2 + 37 - (3 - v). Calculate the highest common divisor of 54 and l.
18
Suppose 3*o = 3*g + 126 + 99, -o + 5*g = -75. Calculate the highest common divisor of 25 and o.
25
Let x be (-1)/(1/(-3)) - -4. Let r = 13 - x. Calculate the greatest common divisor of r and 24.
6
Let r be 1*2/2 + 3. Suppose 3*d - 86 = -d - 2*j, 0 = -j - 5. Calculate the greatest common factor of r and d.
4
Suppose -1 + 5 = -4*x. Let r be 3*(18/3 - x). Calculate the highest common divisor of 7 and r.
7
Let p(r) = r**3 + 7*r**2 - 8*r + 8. Let t be p(-8). Let z = -14 + t. Let y(h) = -4*h - 9. Let l be y(z). Calculate the greatest common divisor of l and 60.
15
Suppose 4*h + 10 = 2. Let r = -4 - -3. Let p be (r - 0)/(h/14). What is the highest common divisor of 35 and p?
7
Let o be 2*-2*(-158)/8. Suppose j + 5 = 0, -3*f + 0*f + 5*j = -o. What is the greatest common divisor of 36 and f?
18
Let j(r) = 19*r + 2. Let p be j(2). Suppose -1 = 3*n + 11. Let h be n*(-3)/24*16. What is the highest common factor of p and h?
8
Suppose 0 = -2*h - h + 108. What is the highest common factor of h and 54?
18
Let b = 8 + 325. Calculate the greatest common divisor of b and 37.
37
Let j = 70 - 52. Calculate the greatest common divisor of 234 and j.
18
Let l(v) = -v + 8. Let d be l(6). Let z(i) = -i**3 + d - i**3 - 6*i**2 + i**3. Let k be z(-6). What is the greatest common factor of 3 and k?
1
Suppose -5*q - 3*a = -a - 138, -a + 4 = 0. Calculate the highest common factor of 39 and q.
13
Let j = 144 + -44. What is the highest common divisor of 20 and j?
20
Suppose -f = -2*f + 61. Suppose -i = -z + i - 24, f = -3*z - 5*i. Let b = 0 - z. Calculate the highest common factor of 11 and b.
11
Suppose 3*r - 38 = 1. Let p = 380 - 254. Let h = p - 61. What is the highest common factor of h and r?
13
Let f be ((-9)/(-6) + -2)*-30. What is the highest common divisor of f and 45?
15
Let a(z) = 8*z - 26. Let h be a(4). What is the greatest common factor of h and 2?
2
Let k be (-76)/(-5)*(-630)/(-28). Calculate the highest common factor of 38 and k.
38
Let g(h) = -1 + 0*h**2 - 2 + 2*h**2. Let s be g(3). What is the greatest common divisor of s and 3?
3
Let a = 9 + -7. Suppose a*r + 84 + 50 = -4*c, 38 = -c + r. Let d = -9 - c. What is the highest common factor of 39 and d?
13
Suppose 6*j = j + 3*q + 15, -17 = -2*j - q. Calculate the greatest common divisor of 12 and j.
6
Let d = 255 - 404. Let a(o) = 26*o**2 + 4*o - 1. Let b be a(-3). Let x = b + d. Calculate the highest common divisor of x and 9.
9
Let t be 186/(-9)*(-9)/6. Let y be (11/2)/(1/62). What is the greatest common factor of t and y?
31
Let i be (2 + -1 - -23 - -3) + -3. Calculate the highest common divisor of 48 and i.
24
Let p be 2/(-8) + 41/4. Let o = p + -21. Let i = 50 + o. What is the highest common factor of i and 13?
13
Let z = 20 + -10. Calculate the greatest common divisor of 50 and z.
10
Suppose 0*h = 2*h + 5*x - 1, 0 = -2*h - x + 5. Calculate the greatest common divisor of 15 and h.
3
Let i be 1696/7 - (-4)/(-14). Let f = i + -172. Let r be ((-20)/(-6))/1*3. What is the greatest common factor of r and f?
10
Let n = 3 - -3. Calculate the greatest common divisor of 6 and n.
6
Suppose 3*q = 3, 0 = -5*d - 0*q + 5*q + 20. Suppose 1 = p + a - 6, -d*p - a = -47. What is the greatest common divisor of 10 and p?
10
Suppose -g - 21 + 39 = 0. Let l be (-1)/(((-7)/(-6))/(-7)). What is the highest common divisor of l and g?
6
Let g(f) = f**2 - f - 1. Let h be g(-2). Suppose 0*n - 180 = -h*y - 3*n, 36 = y - 4*n. Calculate the greatest common factor of 12 and y.
12
Suppose -3*o = -4*x - 30, 5*o + 0*x - 5*x - 55 = 0. Calculate the highest common di